{"id":281,"date":"2017-12-30T20:25:29","date_gmt":"2017-12-30T20:25:29","guid":{"rendered":"http:\/\/lora.vsb.cz\/?p=281"},"modified":"2025-10-24T07:14:36","modified_gmt":"2025-10-24T07:14:36","slug":"loravsb-gateways","status":"publish","type":"page","link":"https:\/\/lora.vsb.cz\/index.php\/loravsb-gateways\/","title":{"rendered":"LoRa@VSB Gateways"},"content":{"rendered":"<p style=\"text-align: left;\"><img loading=\"lazy\" decoding=\"async\" class=\"wp-image-323 alignleft\" src=\"http:\/\/lora.vsb.cz\/wp-content\/uploads\/2017\/12\/ttn-logo.b40301974601-1024x789.png\" alt=\"\" width=\"96\" height=\"74\" srcset=\"https:\/\/lora.vsb.cz\/wp-content\/uploads\/2017\/12\/ttn-logo.b40301974601-1024x789.png 1024w, https:\/\/lora.vsb.cz\/wp-content\/uploads\/2017\/12\/ttn-logo.b40301974601-300x231.png 300w, https:\/\/lora.vsb.cz\/wp-content\/uploads\/2017\/12\/ttn-logo.b40301974601-768x592.png 768w, https:\/\/lora.vsb.cz\/wp-content\/uploads\/2017\/12\/ttn-logo.b40301974601.png 1288w\" sizes=\"auto, (max-width: 96px) 100vw, 96px\" \/>Gateways form the bridge between devices and <a href=\"https:\/\/www.thethingsnetwork.org\/\" target=\"_blank\" rel=\"noopener noreferrer\">The Things Network<\/a>.\u00a0All<strong> <span style=\"color: #993300;\">LoRa@VSB gateways<\/span><\/strong> within reach of a device will receive the device\u2019s messages and forward them to The Things Network. A single gateway can serve thousands of devices.<\/p>\n<p>&nbsp;<\/p>\n<p>&nbsp;<\/p>\n<h3><strong>LoRa@VSB Gateways Location:<\/strong><\/h3>\n<p><img loading=\"lazy\" decoding=\"async\" class=\"size-full wp-image-440 alignleft\" src=\"http:\/\/lora.vsb.cz\/wp-content\/uploads\/2018\/02\/logoovanet.png\" alt=\"\" width=\"150\" height=\"46\" \/>We closely cooperate with <a href=\"http:\/\/www.ovanet.cz\/\" target=\"_blank\" rel=\"noopener noreferrer\"><b>OVANET a.s.<\/b><\/a> which provides a metropolitan network in Ostrava. The gateways are deployed in cooperation with the company OVANET and provide excellent coverage across the entire city of Ostrava and its wider surroundings.<\/p>\n<p>&nbsp;<\/p>\n<p><img loading=\"lazy\" decoding=\"async\" class=\" wp-image-441 alignleft\" src=\"http:\/\/lora.vsb.cz\/wp-content\/uploads\/2018\/02\/opavsky-bezdrat.png\" alt=\"\" width=\"151\" height=\"23\" srcset=\"https:\/\/lora.vsb.cz\/wp-content\/uploads\/2018\/02\/opavsky-bezdrat.png 450w, https:\/\/lora.vsb.cz\/wp-content\/uploads\/2018\/02\/opavsky-bezdrat-300x46.png 300w, https:\/\/lora.vsb.cz\/wp-content\/uploads\/2018\/02\/opavsky-bezdrat-436x69.png 436w\" sizes=\"auto, (max-width: 151px) 100vw, 151px\" \/>Many thank also belongs to <strong><a href=\"http:\/\/www.opavskybezdrat.cz\/\" target=\"_blank\" rel=\"noopener noreferrer\">OPAVSK\u00dd BEZDR\u00c1T s.r.o.<\/a><\/strong>\u00a0 who offered a place for our gateway (GW0011) in Opava.<\/p>\n<p>&nbsp;<\/p>\n<p><iframe loading=\"lazy\" style=\"margin: auto; display: block;\" src=\"https:\/\/www.google.com\/maps\/d\/u\/0\/embed?mid=177XbLES6FAMp5oLzuEd0f4lqO2M\" width=\"1000\" height=\"480\"><\/iframe><\/p>\n<p>&nbsp;<\/p>\n<h4><span style=\"color: #bd4e04;\"><strong><em>GW0001<\/em> &#8211; Ostrava-Poruba (campus VSB-TUO, dormitory B, roof)<\/strong><\/span><\/h4>\n<ul>\n<li>GPS: 49.8365147N, 18.1594753E, 280 m<\/li>\n<li>Address: Ostrava, Studentsk\u00e1 1770\/1<\/li>\n<\/ul>\n<p><strong>868 MHZ<\/strong><\/p>\n<ul>\n<li>ID: eui-b827ebfffe1abd45<\/li>\n<li><a href=\"http:\/\/lora.vsb.cz\/wp-content\/uploads\/2018\/02\/n-8k.jpg\" target=\"_blank\" rel=\"noopener noreferrer\">coverage simulation results in 8k<\/a><\/li>\n<\/ul>\n<p><strong>433 MHz<\/strong><\/p>\n<ul>\n<li>ID: eui-b827ebfffe1abd46<\/li>\n<\/ul>\n<p style=\"text-align: left;\"><img loading=\"lazy\" decoding=\"async\" class=\"wp-image-9016 alignnone\" src=\"http:\/\/lora.vsb.cz\/wp-content\/uploads\/2025\/10\/gw-koleje.jpg\" alt=\"\" width=\"275\" height=\"300\" border=\"1px\" srcset=\"https:\/\/lora.vsb.cz\/wp-content\/uploads\/2025\/10\/gw-koleje.jpg 459w, https:\/\/lora.vsb.cz\/wp-content\/uploads\/2025\/10\/gw-koleje-275x300.jpg 275w\" sizes=\"auto, (max-width: 275px) 100vw, 275px\" \/> \u00a0<img loading=\"lazy\" decoding=\"async\" class=\" wp-image-452 alignnone\" src=\"http:\/\/lora.vsb.cz\/wp-content\/uploads\/2018\/02\/n.jpg\" alt=\"\" width=\"374\" height=\"299\" border=\"1px\" srcset=\"https:\/\/lora.vsb.cz\/wp-content\/uploads\/2018\/02\/n.jpg 375w, https:\/\/lora.vsb.cz\/wp-content\/uploads\/2018\/02\/n-300x240.jpg 300w\" sizes=\"auto, (max-width: 374px) 100vw, 374px\" \/><\/p>\n<h4><span style=\"color: #bd4e04;\"><strong><em>GW0002<\/em> &#8211; Ostrava, at Havlickovo square\u00a0 (the main GW for Poruba)<\/strong><\/span><\/h4>\n<ul>\n<li>GPS: 49.8317481N, 18.1613947E, 340 m<\/li>\n<li>Address: Ostrava, Havl\u00ed\u010dkovo n\u00e1m\u011bst\u00ed 741\/12 (Panoramka)<\/li>\n<li>ID: tts-vsb-gw002<\/li>\n<li><a href=\"http:\/\/lora.vsb.cz\/wp-content\/uploads\/2018\/02\/pam-8k.jpg\" target=\"_blank\" rel=\"noopener noreferrer\">coverage simulation results in 8k<\/a><\/li>\n<\/ul>\n<p style=\"text-align: left;\"><img loading=\"lazy\" decoding=\"async\" class=\"size-full wp-image-454 alignleft\" src=\"http:\/\/lora.vsb.cz\/wp-content\/uploads\/2018\/02\/pam-gw.jpg\" alt=\"\" width=\"225\" height=\"300\" border=\"1px\" \/> <img loading=\"lazy\" decoding=\"async\" class=\"size-full wp-image-455 alignnone\" src=\"http:\/\/lora.vsb.cz\/wp-content\/uploads\/2018\/02\/pam.jpg\" alt=\"\" width=\"375\" height=\"300\" border=\"1px\" srcset=\"https:\/\/lora.vsb.cz\/wp-content\/uploads\/2018\/02\/pam.jpg 375w, https:\/\/lora.vsb.cz\/wp-content\/uploads\/2018\/02\/pam-300x240.jpg 300w\" sizes=\"auto, (max-width: 375px) 100vw, 375px\" \/><\/p>\n<h4><span style=\"color: #bd4e04;\"><strong><em>GW0003<\/em> &#8211; Ostrava,\u00a0 at Maroldova (the main GW for Ostrava centre and surroundings)<\/strong><\/span><\/h4>\n<ul>\n<li>GPS: 49.8468408N, 18.2764997E, 300 m<\/li>\n<li>Address: Ostrava, Maroldova 2987\/1<\/li>\n<li>ID: tts-vsb-gw003<\/li>\n<li><a href=\"http:\/\/lora.vsb.cz\/wp-content\/uploads\/2018\/02\/mar-8k.jpg\" target=\"_blank\" rel=\"noopener noreferrer\">coverage simulation results in 8k<\/a><\/li>\n<\/ul>\n<p style=\"text-align: left;\"><img loading=\"lazy\" decoding=\"async\" class=\"size-full wp-image-461 alignleft\" src=\"http:\/\/lora.vsb.cz\/wp-content\/uploads\/2018\/02\/mar-gw.jpg\" alt=\"\" width=\"225\" height=\"300\" border=\"1px\" \/>\u00a0<img loading=\"lazy\" decoding=\"async\" class=\"size-full wp-image-463 alignnone\" src=\"http:\/\/lora.vsb.cz\/wp-content\/uploads\/2018\/02\/mar.jpg\" alt=\"\" width=\"375\" height=\"300\" border=\"1px\" srcset=\"https:\/\/lora.vsb.cz\/wp-content\/uploads\/2018\/02\/mar.jpg 375w, https:\/\/lora.vsb.cz\/wp-content\/uploads\/2018\/02\/mar-300x240.jpg 300w\" sizes=\"auto, (max-width: 375px) 100vw, 375px\" \/><\/p>\n<h4><span style=\"color: #bd4e04;\"><strong><em>GW0004<\/em> &#8211; Ostrava, at Zdenka Bara (the main GW for Ostrava-South and surroundings)<\/strong><\/span><\/h4>\n<ul>\n<li>GPS: 49.7753808N, 18.2502194E, 343 m<\/li>\n<li>Address: Ostrava, Zdenka B\u00e1ra 6<\/li>\n<li>ID: tts-vsb-gw004<\/li>\n<li><a href=\"http:\/\/lora.vsb.cz\/wp-content\/uploads\/2018\/02\/bara-8k.jpg\" target=\"_blank\" rel=\"noopener noreferrer\">coverage simulation results in 8k<\/a><\/li>\n<\/ul>\n<p><img loading=\"lazy\" decoding=\"async\" class=\"size-full wp-image-471 alignnone\" src=\"http:\/\/lora.vsb.cz\/wp-content\/uploads\/2018\/02\/bara-gw.jpg\" alt=\"\" width=\"200\" height=\"300\" border=\"1px\" \/> <img loading=\"lazy\" decoding=\"async\" class=\"size-full wp-image-473 alignnone\" src=\"http:\/\/lora.vsb.cz\/wp-content\/uploads\/2018\/02\/bara.jpg\" alt=\"\" width=\"375\" height=\"300\" border=\"1px\" srcset=\"https:\/\/lora.vsb.cz\/wp-content\/uploads\/2018\/02\/bara.jpg 375w, https:\/\/lora.vsb.cz\/wp-content\/uploads\/2018\/02\/bara-300x240.jpg 300w\" sizes=\"auto, (max-width: 375px) 100vw, 375px\" \/><\/p>\n<h4><span style=\"color: #bd4e04;\"><strong><em>GW0011<\/em> &#8211; Opava, at silo Oticka street\u00a0(the main GW for Opava)<\/strong><\/span><\/h4>\n<ul>\n<li>GPS: 49.9305669N, 17.8938975E, 324 m<\/li>\n<li>Address: Opava, silo Otick\u00e1 ulice<\/li>\n<li>ID: tts-vsb-gw011<\/li>\n<li><a href=\"http:\/\/lora.vsb.cz\/wp-content\/uploads\/2018\/02\/silo-8k.jpg\" target=\"_blank\" rel=\"noopener noreferrer\">coverage simulation results in 8k<\/a><\/li>\n<\/ul>\n<p><img loading=\"lazy\" decoding=\"async\" class=\"size-full wp-image-487 alignleft\" src=\"http:\/\/lora.vsb.cz\/wp-content\/uploads\/2018\/02\/silo-gw.jpg\" alt=\"\" width=\"225\" height=\"300\" border=\"1px\" \/><img loading=\"lazy\" decoding=\"async\" class=\"size-full wp-image-486 alignnone\" src=\"http:\/\/lora.vsb.cz\/wp-content\/uploads\/2018\/02\/silo.jpg\" alt=\"\" width=\"450\" height=\"300\" border=\"1px\" srcset=\"https:\/\/lora.vsb.cz\/wp-content\/uploads\/2018\/02\/silo.jpg 450w, https:\/\/lora.vsb.cz\/wp-content\/uploads\/2018\/02\/silo-300x200.jpg 300w, https:\/\/lora.vsb.cz\/wp-content\/uploads\/2018\/02\/silo-272x182.jpg 272w\" sizes=\"auto, (max-width: 450px) 100vw, 450px\" \/><\/p>\n<h4><span style=\"color: #bd4e04;\"><strong><em>GW0015<\/em>\u00a0&#8211; Karvina, Univerzitni namesti (the main GW for Karvina)<\/strong><\/span><\/h4>\n<ul>\n<li>GPS: 49.8542436N, 18.5486450E, 269 m<\/li>\n<li>Address: Karvin\u00e1, Univerzitn\u00ed n\u00e1m\u011bst\u00ed 1934\/3<\/li>\n<li>ID: b827ebfffea689d2<\/li>\n<li><a href=\"http:\/\/lora.vsb.cz\/wp-content\/uploads\/2019\/01\/Karvina-Uni.jpg\" target=\"_blank\" rel=\"noopener noreferrer\">coverage simulation results in 8k<\/a><\/li>\n<\/ul>\n<p><img loading=\"lazy\" decoding=\"async\" class=\"wp-image-663 size-full alignleft\" src=\"http:\/\/lora.vsb.cz\/wp-content\/uploads\/2019\/01\/0015-Karvina-web.jpg\" alt=\"\" width=\"200\" height=\"300\" border=\"1px\" \/><img loading=\"lazy\" decoding=\"async\" class=\"wp-image-664 size-full alignone\" src=\"http:\/\/lora.vsb.cz\/wp-content\/uploads\/2019\/01\/Karvina-Uni-web.jpg\" alt=\"\" width=\"450\" height=\"300\" border=\"1px\" srcset=\"https:\/\/lora.vsb.cz\/wp-content\/uploads\/2019\/01\/Karvina-Uni-web.jpg 450w, https:\/\/lora.vsb.cz\/wp-content\/uploads\/2019\/01\/Karvina-Uni-web-300x200.jpg 300w, https:\/\/lora.vsb.cz\/wp-content\/uploads\/2019\/01\/Karvina-Uni-web-272x182.jpg 272w\" sizes=\"auto, (max-width: 450px) 100vw, 450px\" \/><\/p>\n<h4><span style=\"color: #bd4e04;\"><strong><em>GW0016<\/em>\u00a0&#8211; Opava, Vavrovicka<\/strong><\/span><\/h4>\n<ul>\n<li>GPS: 49.9626878N, 17.8713067E, 278 m<\/li>\n<li>Address: Opava, V\u00e1vrovick\u00e1 244\/44<\/li>\n<li>ID: b827ebfffed006c6<\/li>\n<li><a href=\"http:\/\/lora.vsb.cz\/wp-content\/uploads\/2019\/01\/10-vavrovicka.jpg\" target=\"_blank\" rel=\"noopener noreferrer\">coverage simulation results in 8k<\/a><\/li>\n<\/ul>\n<p><img loading=\"lazy\" decoding=\"async\" class=\"wp-image-663 size-full alignleft\" src=\"http:\/\/lora.vsb.cz\/wp-content\/uploads\/2019\/01\/IMG_20190115_131136-web.jpg\" alt=\"\" width=\"299\" height=\"300\" border=\"1px\" \/><img loading=\"lazy\" decoding=\"async\" class=\"wp-image-664 size-full aligone\" src=\"http:\/\/lora.vsb.cz\/wp-content\/uploads\/2019\/01\/10-vavrovicka-web.jpg\" alt=\"\" width=\"450\" height=\"300\" border=\"1px\" \/><\/p>\n<h4><span style=\"color: #bd4e04;\"><strong><em>GW0017<\/em>\u00a0&#8211; Karvina, Na Vyhlidce<\/strong><\/span><\/h4>\n<ul>\n<li>GPS: 49.8681350N, 18.5257456E, 261m<\/li>\n<li>Address:\u00a0Karvin\u00e1, Na Vyhl\u00eddce 1079\/1<\/li>\n<li>ID: b827ebfffe99bc0a<\/li>\n<li><a href=\"http:\/\/lora.vsb.cz\/wp-content\/uploads\/2019\/02\/karvina-vyhlidka.jpg\" target=\"_blank\" rel=\"noopener noreferrer\">coverage simulation results in 8k<\/a><\/li>\n<\/ul>\n<p><img loading=\"lazy\" decoding=\"async\" class=\"size-full wp-image-764 alignleft\" src=\"http:\/\/lora.vsb.cz\/wp-content\/uploads\/2019\/02\/karvina01.jpg\" alt=\"\" width=\"266\" height=\"300\" border=\"1px\" \/><img loading=\"lazy\" decoding=\"async\" class=\"size-full wp-image-765 alignleft\" src=\"http:\/\/lora.vsb.cz\/wp-content\/uploads\/2019\/02\/karvina-vyhlidka_web.jpg\" alt=\"\" width=\"450\" height=\"300\" border=\"1px\" srcset=\"https:\/\/lora.vsb.cz\/wp-content\/uploads\/2019\/02\/karvina-vyhlidka_web.jpg 450w, https:\/\/lora.vsb.cz\/wp-content\/uploads\/2019\/02\/karvina-vyhlidka_web-300x200.jpg 300w, https:\/\/lora.vsb.cz\/wp-content\/uploads\/2019\/02\/karvina-vyhlidka_web-272x182.jpg 272w\" sizes=\"auto, (max-width: 450px) 100vw, 450px\" \/><\/p>\n<p>&nbsp;<\/p>\n","protected":false},"excerpt":{"rendered":"<p>Gateways form the bridge between devices and The Things Network.\u00a0All LoRa@VSB gateways within reach of a device will receive the device\u2019s messages and forward them to The Things Network. A single gateway can serve thousands of devices. &nbsp; &nbsp; LoRa@VSB Gateways Location: We closely cooperate with OVANET a.s. which provides a metropolitan network in Ostrava. [&hellip;]<\/p>\n","protected":false},"author":1,"featured_media":0,"parent":0,"menu_order":0,"comment_status":"closed","ping_status":"closed","template":"","meta":{"footnotes":""},"class_list":["post-281","page","type-page","status-publish","hentry","post"],"_links":{"self":[{"href":"https:\/\/lora.vsb.cz\/index.php\/wp-json\/wp\/v2\/pages\/281","targetHints":{"allow":["GET"]}}],"collection":[{"href":"https:\/\/lora.vsb.cz\/index.php\/wp-json\/wp\/v2\/pages"}],"about":[{"href":"https:\/\/lora.vsb.cz\/index.php\/wp-json\/wp\/v2\/types\/page"}],"author":[{"embeddable":true,"href":"https:\/\/lora.vsb.cz\/index.php\/wp-json\/wp\/v2\/users\/1"}],"replies":[{"embeddable":true,"href":"https:\/\/lora.vsb.cz\/index.php\/wp-json\/wp\/v2\/comments?post=281"}],"version-history":[{"count":96,"href":"https:\/\/lora.vsb.cz\/index.php\/wp-json\/wp\/v2\/pages\/281\/revisions"}],"predecessor-version":[{"id":9018,"href":"https:\/\/lora.vsb.cz\/index.php\/wp-json\/wp\/v2\/pages\/281\/revisions\/9018"}],"wp:attachment":[{"href":"https:\/\/lora.vsb.cz\/index.php\/wp-json\/wp\/v2\/media?parent=281"}],"curies":[{"name":"wp","href":"https:\/\/api.w.org\/{rel}","templated":true}]}}